{"id":148,"date":"2019-05-09T09:44:32","date_gmt":"2019-05-09T07:44:32","guid":{"rendered":"https:\/\/noapteacompaniilor.ro\/?page_id=148"},"modified":"2026-03-06T20:13:29","modified_gmt":"2026-03-06T18:13:29","slug":"despre-eveniment","status":"publish","type":"page","link":"https:\/\/www.noapteacompaniilor.ro\/iasi\/despre-eveniment\/","title":{"rendered":"Despre eveniment"},"content":{"rendered":"<div id='av_section_1'  class='avia-section av-av_section-f22f0f9dd672aac3df52cf5913f6ac08 main_color avia-section-default avia-no-border-styling  avia-builder-el-0  el_before_av_layout_row  avia-builder-el-first  avia-bg-style-scroll container_wrap fullsize'  ><div class='container av-section-cont-open' ><main  role=\"main\" itemprop=\"mainContentOfPage\"  class='template-page content  av-content-full alpha units'><div class='post-entry post-entry-type-page post-entry-148'><div class='entry-content-wrapper clearfix'>\n\n<style type=\"text\/css\" data-created_by=\"avia_inline_auto\" id=\"style-css-av-k5p2jhst-9c587ac49bce77be08b28e00e8a0e34f\">\n#top .av-special-heading.av-k5p2jhst-9c587ac49bce77be08b28e00e8a0e34f{\npadding-bottom:50px;\n}\nbody .av-special-heading.av-k5p2jhst-9c587ac49bce77be08b28e00e8a0e34f .av-special-heading-tag .heading-char{\nfont-size:25px;\n}\n.av-special-heading.av-k5p2jhst-9c587ac49bce77be08b28e00e8a0e34f .av-subheading{\nfont-size:15px;\n}\n<\/style>\n<div  class='av-special-heading av-k5p2jhst-9c587ac49bce77be08b28e00e8a0e34f av-special-heading-h2 blockquote modern-quote modern-centered  avia-builder-el-1  el_before_av_textblock  avia-builder-el-first  av-linked-heading'><h2 class='av-special-heading-tag '  itemprop=\"headline\"  >Despre eveniment<\/h2><div class=\"special-heading-border\"><div class=\"special-heading-inner-border\"><\/div><\/div><\/div>\n<section  class='av_textblock_section av-bsrs4-97f68f74580cf10d5156e7dc2c07b885 '   itemscope=\"itemscope\" itemtype=\"https:\/\/schema.org\/CreativeWork\" ><div class='avia_textblock'  itemprop=\"text\" ><p><strong>DE CE CLUJ?<\/strong><\/p>\n<p>centru regional cultural &#8211; universitar &#8211; economic<\/p>\n<p><strong>CE NOUT\u0102\u021aI ADUCE?<\/strong><\/p>\n<p>ofer\u0103 companiilor o modalitate mai direct\u0103 de prezentare a propriilor valori; dinamizeaz\u0103 procesul de recrutare \u0219i apropie aplicantul de companie<\/p>\n<p><strong>CE IMPACT SOCIAL ARE?<\/strong><\/p>\n<p>oportunitate pentru angajare; \u00eembun\u0103t\u0103\u021birea condi\u021biilor de munc\u0103<\/p>\n<p><strong>DE CE S\u0102 PARTICIPE COMPANIA?<\/strong><\/p>\n<p>modul \u00een care v\u0103 prezenta\u021bi depinde \u00een totalitate de creativitatea angaja\u021bilor dumneavoastr\u0103 \u0219i ave\u021bi la dispozi\u021bie \u00eentreg SEDIUL.<\/p>\n<p><strong>NCO V\u0102 DESCHIDE CALEA<\/strong><\/p>\n<p>s\u0103 prezenta\u021bi \u00een mod atractiv \u0219i cu originalitate aspectele cu care v\u0103 m\u00e2ndri\u021bi, cu ce sunte\u021bi diferi\u021bi fa\u021b\u0103 de al\u021bi angajatori:<\/p>\n<ul>\n<li>sistemul de valori al companiei \u0219i punerea \u00een practic\u0103 a acestora;<\/li>\n<li>implicarea CSR a companiei;<\/li>\n<li>parteneriate;<\/li>\n<li>perspective;<\/li>\n<li>condi\u021bii de munc\u0103;<\/li>\n<li>oportunit\u0103\u021bi de dezvoltare profesionale \u0219i personale;<\/li>\n<li>atmosfera din cadrul firmei;<\/li>\n<li>zona de recreere.<\/li>\n<\/ul>\n<p><strong>AVANTAJE<\/strong><\/p>\n<ul>\n<li>prezentarea condi\u021biilor de munc\u0103, produc\u021bia \u00een sine c\u0103tre poten\u021bialii angaja\u021bi;<\/li>\n<li>aplican\u021bii pot fi mult mai u\u0219or de evaluat, eventual testa\u021bi \u00eentr-un context mai apropiat de condi\u021biile reale de munc\u0103;<\/li>\n<li>se poate oferi un cadru adecvat pentru sisteme de verificare, de la cele de aptitudini profesionale p\u00e2n\u0103 la cele de personalitate; p\u00e2n\u0103 la cele grafologice sau de personalitate.<\/li>\n<li>rela\u021bia dintre personalul companiei \u0219i aplicant are poten\u021bialul de a fi mult mai onest\u0103, direct\u0103;<\/li>\n<li>managementul companiei se poate implica \u00een activit\u0103\u021bi dac\u0103 dore\u0219te;<\/li>\n<li>pot fi prezentate rezultate remarcabile ob\u021binute de angaja\u021bi, chiar \u0219i \u201csuccess stories\u201c ale unor angaja\u021bi care s-au \u00eemplinit profesional \u00een cadrul companiei;<\/li>\n<li>pot fi realizate workshop-uri, proiec\u021bii video despre companie (condi\u021bii de munc\u0103, microrevelioane, teambuilding-uri);<\/li>\n<li>sublinierea unor beneficii extra-salariale \u0219i sporuri pe care le poate primi un angajat (cantin\u0103, tichete de vacan\u021b\u0103 etc).<\/li>\n<\/ul>\n<p><strong>DE CE S\u0102 PARTICIPE APLICANTUL?<\/strong><\/p>\n<ul>\n<li>va avea ocazia s\u0103 intre \u00een contact direct cu companiile care angajeaz\u0103, la sediul acestora;<\/li>\n<li>va beneficia de o experien\u021b\u0103 inedit\u0103 prin vizitarea unor companii de prestigiu;<\/li>\n<li>va c\u0103l\u0103tori \u00eentre sediile firmelor cu un autobuz \u00een care va fi \u00eencurajat\u0103 interac\u021biunea cu al\u021bi participan\u021bi;<\/li>\n<li>va putea cobor\u00ee la sta\u021bia companiei unde se ofer\u0103 loc de munc\u0103 pe profilul lui;<\/li>\n<li>va vedea \u201cpe viu\u201d condi\u021biile de munc\u0103;<\/li>\n<li>\u00ee\u0219i va putea dovedi abilit\u0103\u021bile \u00een condi\u021bii de lucru reale;<\/li>\n<li>va avea o rela\u021bionare mai direct\u0103 \u0219i mai onest\u0103 cu personalul companiei.<\/li>\n<\/ul>\n<p><strong>INFORMA\u021aII DESPRE AUTOBUZE<\/strong><\/p>\n<ul>\n<li>sta\u021biile de autobuz \u00een care vor cobor\u00ee participan\u021bii evenimentului se vor afla l\u00e2ng\u0103 sau \u00een apropierea sediilor companiilor, \u00een func\u021bie de posibilit\u0103\u021bi;<\/li>\n<li>autobuzele vor fi personalizate cu \u00eensemnele evenimentului, at\u00e2t \u00een interior c\u00e2t \u0219i \u00een exterior. Este posibil afi\u0219ajul \u0219i din partea companiilor;<\/li>\n<li>aplican\u021bii vor avea posibilitatea de r\u0103sfoi bro\u0219ura evenimentului \u00een care vor fi prezentate companiile participante cu logoul \u0219i mesajul c\u0103tre aplican\u021bi.<\/li>\n<\/ul>\n<\/div><\/section>\n<\/div><\/div><\/main><!-- close content main element --><\/div><\/div><div id='av-layout-grid-1'  class='av-layout-grid-container av-ij6ms-49893f7501999c06c7faf0db78202398 entry-content-wrapper main_color av-flex-cells  avia-builder-el-3  el_after_av_section  avia-builder-el-last  grid-row-not-first  container_wrap fullsize'  >\n<div class='flex_cell av-ep5hw-806e6e742b8cbc0be792ca4f97e85808 av-gridrow-cell av_one_half no_margin  avia-builder-el-4  el_before_av_cell_one_half  avia-builder-el-first '  ><div class='flex_cell_inner'><\/div><\/div> <div class='flex_cell av-6qpro-f339a9f6bea83154e8a711965411ed0c av-gridrow-cell av_one_half no_margin  avia-builder-el-5  el_after_av_cell_one_half  avia-builder-el-last '  ><div class='flex_cell_inner'><\/div><\/div>\n<\/div><\/p>\n","protected":false},"excerpt":{"rendered":"","protected":false},"author":4,"featured_media":0,"parent":0,"menu_order":0,"comment_status":"closed","ping_status":"closed","template":"","meta":{"inline_featured_image":false,"footnotes":""},"class_list":["post-148","page","type-page","status-publish","hentry"],"aioseo_notices":[],"_links":{"self":[{"href":"https:\/\/www.noapteacompaniilor.ro\/iasi\/wp-json\/wp\/v2\/pages\/148","targetHints":{"allow":["GET"]}}],"collection":[{"href":"https:\/\/www.noapteacompaniilor.ro\/iasi\/wp-json\/wp\/v2\/pages"}],"about":[{"href":"https:\/\/www.noapteacompaniilor.ro\/iasi\/wp-json\/wp\/v2\/types\/page"}],"author":[{"embeddable":true,"href":"https:\/\/www.noapteacompaniilor.ro\/iasi\/wp-json\/wp\/v2\/users\/4"}],"replies":[{"embeddable":true,"href":"https:\/\/www.noapteacompaniilor.ro\/iasi\/wp-json\/wp\/v2\/comments?post=148"}],"version-history":[{"count":58,"href":"https:\/\/www.noapteacompaniilor.ro\/iasi\/wp-json\/wp\/v2\/pages\/148\/revisions"}],"predecessor-version":[{"id":5956,"href":"https:\/\/www.noapteacompaniilor.ro\/iasi\/wp-json\/wp\/v2\/pages\/148\/revisions\/5956"}],"wp:attachment":[{"href":"https:\/\/www.noapteacompaniilor.ro\/iasi\/wp-json\/wp\/v2\/media?parent=148"}],"curies":[{"name":"wp","href":"https:\/\/api.w.org\/{rel}","templated":true}]}}

<div id='av_section_1'  class='avia-section av-av_section-f22f0f9dd672aac3df52cf5913f6ac08 main_color avia-section-default avia-no-border-styling  avia-builder-el-0  el_before_av_layout_row  avia-builder-el-first  avia-bg-style-scroll container_wrap fullsize'  ><div class='container av-section-cont-open' ><main  role="main" itemprop="mainContentOfPage"  class='template-page content  av-content-full alpha units'><div class='post-entry post-entry-type-page post-entry-148'><div class='entry-content-wrapper clearfix'>

<style type="text/css" data-created_by="avia_inline_auto" id="style-css-av-k5p2jhst-9c587ac49bce77be08b28e00e8a0e34f">
#top .av-special-heading.av-k5p2jhst-9c587ac49bce77be08b28e00e8a0e34f{
padding-bottom:50px;
}
body .av-special-heading.av-k5p2jhst-9c587ac49bce77be08b28e00e8a0e34f .av-special-heading-tag .heading-char{
font-size:25px;
}
.av-special-heading.av-k5p2jhst-9c587ac49bce77be08b28e00e8a0e34f .av-subheading{
font-size:15px;
}
</style>
<div  class='av-special-heading av-k5p2jhst-9c587ac49bce77be08b28e00e8a0e34f av-special-heading-h2 blockquote modern-quote modern-centered  avia-builder-el-1  el_before_av_textblock  avia-builder-el-first  av-linked-heading'><h2 class='av-special-heading-tag '  itemprop="headline"  >Despre eveniment</h2><div class="special-heading-border"><div class="special-heading-inner-border"></div></div></div>
<section  class='av_textblock_section av-bsrs4-97f68f74580cf10d5156e7dc2c07b885 '   itemscope="itemscope" itemtype="https://schema.org/CreativeWork" ><div class='avia_textblock'  itemprop="text" ><p><strong>DE CE CLUJ?</strong></p>
<p>centru regional cultural &#8211; universitar &#8211; economic</p>
<p><strong>CE NOUTĂȚI ADUCE?</strong></p>
<p>oferă companiilor o modalitate mai directă de prezentare a propriilor valori; dinamizează procesul de recrutare și apropie aplicantul de companie</p>
<p><strong>CE IMPACT SOCIAL ARE?</strong></p>
<p>oportunitate pentru angajare; îmbunătățirea condițiilor de muncă</p>
<p><strong>DE CE SĂ PARTICIPE COMPANIA?</strong></p>
<p>modul în care vă prezentați depinde în totalitate de creativitatea angajaților dumneavoastră și aveți la dispoziție întreg SEDIUL.</p>
<p><strong>NCO VĂ DESCHIDE CALEA</strong></p>
<p>să prezentați în mod atractiv și cu originalitate aspectele cu care vă mândriți, cu ce sunteți diferiți față de alți angajatori:</p>
<ul>
<li>sistemul de valori al companiei și punerea în practică a acestora;</li>
<li>implicarea CSR a companiei;</li>
<li>parteneriate;</li>
<li>perspective;</li>
<li>condiții de muncă;</li>
<li>oportunități de dezvoltare profesionale și personale;</li>
<li>atmosfera din cadrul firmei;</li>
<li>zona de recreere.</li>
</ul>
<p><strong>AVANTAJE</strong></p>
<ul>
<li>prezentarea condițiilor de muncă, producția în sine către potențialii angajați;</li>
<li>aplicanții pot fi mult mai ușor de evaluat, eventual testați într-un context mai apropiat de condițiile reale de muncă;</li>
<li>se poate oferi un cadru adecvat pentru sisteme de verificare, de la cele de aptitudini profesionale până la cele de personalitate; până la cele grafologice sau de personalitate.</li>
<li>relația dintre personalul companiei și aplicant are potențialul de a fi mult mai onestă, directă;</li>
<li>managementul companiei se poate implica în activități dacă dorește;</li>
<li>pot fi prezentate rezultate remarcabile obținute de angajați, chiar și “success stories“ ale unor angajați care s-au împlinit profesional în cadrul companiei;</li>
<li>pot fi realizate workshop-uri, proiecții video despre companie (condiții de muncă, microrevelioane, teambuilding-uri);</li>
<li>sublinierea unor beneficii extra-salariale și sporuri pe care le poate primi un angajat (cantină, tichete de vacanță etc).</li>
</ul>
<p><strong>DE CE SĂ PARTICIPE APLICANTUL?</strong></p>
<ul>
<li>va avea ocazia să intre în contact direct cu companiile care angajează, la sediul acestora;</li>
<li>va beneficia de o experiență inedită prin vizitarea unor companii de prestigiu;</li>
<li>va călători între sediile firmelor cu un autobuz în care va fi încurajată interacțiunea cu alți participanți;</li>
<li>va putea coborî la stația companiei unde se oferă loc de muncă pe profilul lui;</li>
<li>va vedea “pe viu” condițiile de muncă;</li>
<li>își va putea dovedi abilitățile în condiții de lucru reale;</li>
<li>va avea o relaționare mai directă și mai onestă cu personalul companiei.</li>
</ul>
<p><strong>INFORMAȚII DESPRE AUTOBUZE</strong></p>
<ul>
<li>stațiile de autobuz în care vor coborî participanții evenimentului se vor afla lângă sau în apropierea sediilor companiilor, în funcție de posibilități;</li>
<li>autobuzele vor fi personalizate cu însemnele evenimentului, atât în interior cât și în exterior. Este posibil afișajul și din partea companiilor;</li>
<li>aplicanții vor avea posibilitatea de răsfoi broșura evenimentului în care vor fi prezentate companiile participante cu logoul și mesajul către aplicanți.</li>
</ul>
</div></section>
</div></div></main><!-- close content main element --></div></div><div id='av-layout-grid-1'  class='av-layout-grid-container av-ij6ms-49893f7501999c06c7faf0db78202398 entry-content-wrapper main_color av-flex-cells  avia-builder-el-3  el_after_av_section  avia-builder-el-last  grid-row-not-first  container_wrap fullsize'  >
<div class='flex_cell av-ep5hw-806e6e742b8cbc0be792ca4f97e85808 av-gridrow-cell av_one_half no_margin  avia-builder-el-4  el_before_av_cell_one_half  avia-builder-el-first '  ><div class='flex_cell_inner'></div></div> <div class='flex_cell av-6qpro-f339a9f6bea83154e8a711965411ed0c av-gridrow-cell av_one_half no_margin  avia-builder-el-5  el_after_av_cell_one_half  avia-builder-el-last '  ><div class='flex_cell_inner'></div></div>
</div></p>
