{"id":2205,"date":"2022-06-02T06:04:53","date_gmt":"2022-06-02T04:04:53","guid":{"rendered":"https:\/\/www.noapteacompaniilor.ro\/?page_id=2205"},"modified":"2026-05-05T16:39:41","modified_gmt":"2026-05-05T14:39:41","slug":"acasa","status":"publish","type":"page","link":"https:\/\/www.noapteacompaniilor.ro\/timisoara\/","title":{"rendered":"Acas\u0103"},"content":{"rendered":"<div id='homesection'  class='avia-section av-li1nev8f-a07d72f0bce48e0b4d93858dc3d071c7 main_color avia-section-large avia-no-border-styling  avia-builder-el-0  el_before_av_section  avia-builder-el-first  avia-bg-style-scroll container_wrap fullsize'  ><div class='container av-section-cont-open' ><main  role=\"main\" itemprop=\"mainContentOfPage\"  class='template-page content  av-content-full alpha units'><div class='post-entry post-entry-type-page post-entry-2205'><div class='entry-content-wrapper clearfix'>\n\n<style type=\"text\/css\" data-created_by=\"avia_inline_auto\" id=\"style-css-av-k5mfuuwo-be5049aa6919a169eaaa45a78c959b6a\">\n.flex_column.av-k5mfuuwo-be5049aa6919a169eaaa45a78c959b6a{\nborder-radius:0px 0px 0px 0px;\npadding:0px 0px 0px 0px;\n}\n<\/style>\n<div  class='flex_column av-k5mfuuwo-be5049aa6919a169eaaa45a78c959b6a av_one_half  avia-builder-el-1  el_before_av_one_half  avia-builder-el-first  first flex_column_div av-zero-column-padding  '     ><div  class='avia-video av-mfwhitiu-09dd71e9224af74f2e973ae09198ec85 avia-video-16-9 av-no-preview-image avia-video-load-always av-lazyload-immediate av-lazyload-video-embed'  itemprop=\"video\" itemtype=\"https:\/\/schema.org\/VideoObject\"  data-original_url='https:\/\/youtu.be\/mYkeQ5sBwWg?si=WVtu3t9g8bVaKk1g'><script type='text\/html' class='av-video-tmpl'><div class='avia-iframe-wrap'><iframe loading=\"lazy\" title=\"NCO Sibiu 2025 - Mini-documentar\" width=\"1500\" height=\"844\" src=\"https:\/\/www.youtube.com\/embed\/mYkeQ5sBwWg?feature=oembed&autoplay=0&loop=0&controls=1&mute=0\" frameborder=\"0\" allow=\"accelerometer; autoplay; clipboard-write; encrypted-media; gyroscope; picture-in-picture; web-share\" referrerpolicy=\"strict-origin-when-cross-origin\" allowfullscreen><\/iframe><\/div><\/script><div class='av-click-to-play-overlay'><div class=\"avia_playpause_icon\"><\/div><\/div><\/div><\/div>\n<style type=\"text\/css\" data-created_by=\"avia_inline_auto\" id=\"style-css-av-959tiz-d4a8695e7174173e36dd6fe12a19e9c9\">\n.flex_column.av-959tiz-d4a8695e7174173e36dd6fe12a19e9c9{\nborder-radius:0px 0px 0px 0px;\npadding:0px 0px 0px 0px;\n}\n<\/style>\n<div  class='flex_column av-959tiz-d4a8695e7174173e36dd6fe12a19e9c9 av_one_half  avia-builder-el-3  el_after_av_one_half  avia-builder-el-last  flex_column_div av-zero-column-padding  '     ><p>\n<style type=\"text\/css\" data-created_by=\"avia_inline_auto\" id=\"style-css-av-1x9txp-ada1b3b2ad6d7eecaa3519eb6c0669da\">\n#top .av-special-heading.av-1x9txp-ada1b3b2ad6d7eecaa3519eb6c0669da{\npadding-bottom:20px;\ncolor:#194e83;\n}\nbody .av-special-heading.av-1x9txp-ada1b3b2ad6d7eecaa3519eb6c0669da .av-special-heading-tag .heading-char{\nfont-size:25px;\n}\n.av-special-heading.av-1x9txp-ada1b3b2ad6d7eecaa3519eb6c0669da .special-heading-inner-border{\nborder-color:#194e83;\n}\n.av-special-heading.av-1x9txp-ada1b3b2ad6d7eecaa3519eb6c0669da .av-subheading{\nfont-size:25px;\n}\n<\/style>\n<div  class='av-special-heading av-1x9txp-ada1b3b2ad6d7eecaa3519eb6c0669da av-special-heading-h1 custom-color-heading blockquote modern-quote  avia-builder-el-4  el_before_av_textblock  avia-builder-el-first '><h1 class='av-special-heading-tag '  itemprop=\"headline\"  >Timi\u0219oara 14 mai<\/h1><div class='av_custom_color av-subheading av-subheading_below'><p>&#8211; o sta\u021bie \u00een cariera ta!<\/p>\n<\/div><div class=\"special-heading-border\"><div class=\"special-heading-inner-border\"><\/div><\/div><\/div><br \/>\n<section  class='av_textblock_section av-mmvluolq-da92ac4cda87059c928adf3a734e8086 '   itemscope=\"itemscope\" itemtype=\"https:\/\/schema.org\/CreativeWork\" ><div class='avia_textblock'  itemprop=\"text\" ><p><strong>Joi, 14 mai 2026, de la ora 16:00<\/strong> p\u00e2n\u0103 la miezul nop\u021bii, revenim cu o nou\u0103 edi\u021bie. Direct la sediile companiilor din Timi\u0219oara.<\/p>\n<p><strong>Dac\u0103 reprezin\u021bi o companie<\/strong>, e momentul s\u0103 le ar\u0103\u021bi oamenilor cine sunte\u021bi de fapt \u2013 cum lucra\u021bi, ce atmosfer\u0103 a\u021bi creat, ce oportunit\u0103\u021bi de carier\u0103 ave\u021bi deschise. O sear\u0103 \u00een care birourile devin spa\u021bii de dialog \u0219i \u00eencredere.<\/p>\n<p><strong>Dac\u0103 e\u0219ti \u00een c\u0103utare de ceva nou<\/strong>\u00a0\u2013 un loc de munc\u0103, o schimbare sau doar o perspectiv\u0103 diferit\u0103 \u2013 vino \u0219i vezi din interior cum arat\u0103 via\u021ba \u00een companiile care te intereseaz\u0103. Poate o simpl\u0103 conversa\u021bie sau o vizit\u0103 \u00ee\u021bi deschide u\u0219a potrivit\u0103.<\/p>\n<p><strong>NCO 2026 \u2013 o sta\u021bie \u00een cariera ta!<\/strong><\/p>\n<\/div><\/section><br \/>\n<section  class='av_textblock_section av-k5mfcbjc-18745bb08754ab9d2c5f11587268e0a5 '   itemscope=\"itemscope\" itemtype=\"https:\/\/schema.org\/CreativeWork\" ><div class='avia_textblock'  itemprop=\"text\" ><\/div><\/section><br \/>\n<div  class='avia-button-wrap av-k5mfzcpc-34caffec78fa61acb85543a21ef16a0a-wrap avia-button-left  avia-builder-el-7  el_after_av_textblock  avia-builder-el-last '><a href='https:\/\/www.noapteacompaniilor.ro\/timisoara\/despre-eveniment\/'  class='avia-button av-k5mfzcpc-34caffec78fa61acb85543a21ef16a0a av-link-btn avia-icon_select-yes-right-icon avia-size-large avia-position-left avia-color-theme-color'   aria-label=\"Mai mult despre eveniment\"><span class='avia_iconbox_title' >Mai mult despre eveniment<\/span><span class='avia_button_icon avia_button_icon_right avia-iconfont avia-font-entypo-fontello' data-av_icon='\ue875' data-av_iconfont='entypo-fontello' ><\/span><\/a><\/div><\/p><\/div>\n\n<\/div><\/div><\/main><!-- close content main element --><\/div><\/div>\n<style type=\"text\/css\" data-created_by=\"avia_inline_auto\" id=\"style-css-av-k5mesfyv-3-c1b6f116bafe85a562fceaff948835bf\">\n.avia-section.av-k5mesfyv-3-c1b6f116bafe85a562fceaff948835bf{\nbackground-color:#ffffff;\nbackground-image:unset;\n}\n<\/style>\n<div id='logos'  class='avia-section av-k5mesfyv-3-c1b6f116bafe85a562fceaff948835bf alternate_color avia-section-small avia-no-shadow  avia-builder-el-8  el_after_av_section  avia-builder-el-last  avia-bg-style-scroll container_wrap fullsize'  ><div class='container av-section-cont-open' ><div class='template-page content  av-content-full alpha units'><div class='post-entry post-entry-type-page post-entry-2205'><div class='entry-content-wrapper clearfix'>\n\n<style type=\"text\/css\" data-created_by=\"avia_inline_auto\" id=\"style-css-av-2kygdp-b3aec7c2ec64c43e73c3fc5737eeb515\">\n#top .av-special-heading.av-2kygdp-b3aec7c2ec64c43e73c3fc5737eeb515{\nmargin:-32px 0 0 0;\npadding-bottom:30px;\ncolor:#1b4479;\n}\nbody .av-special-heading.av-2kygdp-b3aec7c2ec64c43e73c3fc5737eeb515 .av-special-heading-tag .heading-char{\nfont-size:25px;\n}\n.av-special-heading.av-2kygdp-b3aec7c2ec64c43e73c3fc5737eeb515 .special-heading-inner-border{\nborder-color:#1b4479;\n}\n.av-special-heading.av-2kygdp-b3aec7c2ec64c43e73c3fc5737eeb515 .av-subheading{\nfont-size:15px;\n}\n<\/style>\n<div  class='av-special-heading av-2kygdp-b3aec7c2ec64c43e73c3fc5737eeb515 av-special-heading-h3 custom-color-heading blockquote modern-quote modern-centered  avia-builder-el-9  el_before_av_masonry_entries  avia-builder-el-no-sibling  highlight av-linked-heading'><h3 class='av-special-heading-tag '  itemprop=\"headline\"  >Parteneri<\/h3><div class=\"special-heading-border\"><div class=\"special-heading-inner-border\"><\/div><\/div><\/div>\n<div id='av-masonry-1' class='av-masonry av-moa0os2q-bf4b6aea637c9a8c1b2847b14b71843e noHover av-fixed-size av-1px-gap av-hover-overlay- av-masonry-animation- av-masonry-col-4 av-caption-always av-caption-style- av-masonry-entries av-mini-columns-overwrite av-mini-columns-2 parteneri' data-post_id=\"2205\"><div class=\"av-masonry-container isotope av-js-disabled\"><div class='av-masonry-entry isotope-item av-masonry-item-no-image '><\/div><a href=\"https:\/\/www.noapteacompaniilor.ro\/timisoara\/01_universitatea-de-vest\/\"  id='av-masonry-1-item-4066' data-av-masonry-item='4066' class='av-masonry-entry isotope-item post-4066 post type-post status-publish format-standard has-post-thumbnail hentry category-parteneri  av-masonry-item-with-image' title=\"universitatea de vest\"   itemscope=\"itemscope\" itemtype=\"https:\/\/schema.org\/CreativeWork\" ><div class='av-inner-masonry-sizer'><\/div><figure class='av-inner-masonry main_color'><div class=\"av-masonry-outerimage-container\"><div class='av-masonry-image-container' style=\"background-image: url(https:\/\/www.noapteacompaniilor.ro\/timisoara\/wp-content\/uploads\/2023\/10\/universitatea-de-vest.png);\"  title=\"universitatea de vest\" ><\/div><\/div><\/figure><\/a><!--end av-masonry entry--><a href=\"https:\/\/www.noapteacompaniilor.ro\/timisoara\/ajofm-timis\/\"  id='av-masonry-1-item-6037' data-av-masonry-item='6037' class='av-masonry-entry isotope-item post-6037 post type-post status-publish format-standard has-post-thumbnail hentry category-parteneri  av-masonry-item-with-image' title=\"ajofm timis\"   itemscope=\"itemscope\" itemtype=\"https:\/\/schema.org\/CreativeWork\" ><div class='av-inner-masonry-sizer'><\/div><figure class='av-inner-masonry main_color'><div class=\"av-masonry-outerimage-container\"><div class='av-masonry-image-container' style=\"background-image: url(https:\/\/www.noapteacompaniilor.ro\/timisoara\/wp-content\/uploads\/2026\/03\/ajofm-timis.png);\"  title=\"ajofm timis\" ><\/div><\/div><\/figure><\/a><!--end av-masonry entry--><a href=\"https:\/\/www.noapteacompaniilor.ro\/timisoara\/osut\/\"  id='av-masonry-1-item-6564' data-av-masonry-item='6564' class='av-masonry-entry isotope-item post-6564 post type-post status-publish format-standard has-post-thumbnail hentry category-parteneri  av-masonry-item-with-image' title=\"osut\"   itemscope=\"itemscope\" itemtype=\"https:\/\/schema.org\/CreativeWork\" ><div class='av-inner-masonry-sizer'><\/div><figure class='av-inner-masonry main_color'><div class=\"av-masonry-outerimage-container\"><div class='av-masonry-image-container' style=\"background-image: url(https:\/\/www.noapteacompaniilor.ro\/timisoara\/wp-content\/uploads\/2026\/05\/osut.svg);\"  title=\"osut\" ><\/div><\/div><\/figure><\/a><!--end av-masonry entry--><a href=\"https:\/\/www.noapteacompaniilor.ro\/timisoara\/bega-hotel-timisoara-2\/\"  id='av-masonry-1-item-6132' data-av-masonry-item='6132' class='av-masonry-entry isotope-item post-6132 post type-post status-publish format-standard has-post-thumbnail hentry category-parteneri  av-masonry-item-with-image' title=\"bega hotel timisoara\"   itemscope=\"itemscope\" itemtype=\"https:\/\/schema.org\/CreativeWork\" ><div class='av-inner-masonry-sizer'><\/div><figure class='av-inner-masonry main_color'><div class=\"av-masonry-outerimage-container\"><div class='av-masonry-image-container' style=\"background-image: url(https:\/\/www.noapteacompaniilor.ro\/timisoara\/wp-content\/uploads\/2026\/03\/bega-hotel-timisoara.svg);\"  title=\"bega hotel timisoara\" ><\/div><\/div><\/figure><\/a><!--end av-masonry entry--><a href=\"https:\/\/www.noapteacompaniilor.ro\/timisoara\/career-academy\/\"  id='av-masonry-1-item-6041' data-av-masonry-item='6041' class='av-masonry-entry isotope-item post-6041 post type-post status-publish format-standard has-post-thumbnail hentry category-parteneri  av-masonry-item-with-image' title=\"career academy\"   itemscope=\"itemscope\" itemtype=\"https:\/\/schema.org\/CreativeWork\" ><div class='av-inner-masonry-sizer'><\/div><figure class='av-inner-masonry main_color'><div class=\"av-masonry-outerimage-container\"><div class='av-masonry-image-container' style=\"background-image: url(https:\/\/www.noapteacompaniilor.ro\/timisoara\/wp-content\/uploads\/2026\/03\/career-academy.svg);\"  title=\"career academy\" ><\/div><\/div><\/figure><\/a><!--end av-masonry entry--><a href=\"https:\/\/www.noapteacompaniilor.ro\/timisoara\/universitatea-politehnica-timisoara\/\"  id='av-masonry-1-item-6033' data-av-masonry-item='6033' class='av-masonry-entry isotope-item post-6033 post type-post status-publish format-standard has-post-thumbnail hentry category-parteneri  av-masonry-item-with-image' title=\"universitatea politehnica timisoara\"   itemscope=\"itemscope\" itemtype=\"https:\/\/schema.org\/CreativeWork\" ><div class='av-inner-masonry-sizer'><\/div><figure class='av-inner-masonry main_color'><div class=\"av-masonry-outerimage-container\"><div class='av-masonry-image-container' style=\"background-image: url(https:\/\/www.noapteacompaniilor.ro\/timisoara\/wp-content\/uploads\/2026\/03\/universitatea-politehnica-timisoara.svg);\"  title=\"universitatea politehnica timisoara\" ><\/div><\/div><\/figure><\/a><!--end av-masonry entry--><a href=\"https:\/\/www.noapteacompaniilor.ro\/timisoara\/novum-travel\/\"  id='av-masonry-1-item-6028' data-av-masonry-item='6028' class='av-masonry-entry isotope-item post-6028 post type-post status-publish format-standard has-post-thumbnail hentry category-parteneri  av-masonry-item-with-image' title=\"novum travel\"   itemscope=\"itemscope\" itemtype=\"https:\/\/schema.org\/CreativeWork\" ><div class='av-inner-masonry-sizer'><\/div><figure class='av-inner-masonry main_color'><div class=\"av-masonry-outerimage-container\"><div class='av-masonry-image-container' style=\"background-image: url(https:\/\/www.noapteacompaniilor.ro\/timisoara\/wp-content\/uploads\/2026\/03\/novum-travel.svg);\"  title=\"novum travel\" ><\/div><\/div><\/figure><\/a><!--end av-masonry entry--><\/div><\/div>\n\n","protected":false},"excerpt":{"rendered":"","protected":false},"author":4,"featured_media":0,"parent":0,"menu_order":0,"comment_status":"closed","ping_status":"closed","template":"","meta":{"inline_featured_image":false,"footnotes":""},"class_list":["post-2205","page","type-page","status-publish","hentry"],"aioseo_notices":[],"_links":{"self":[{"href":"https:\/\/www.noapteacompaniilor.ro\/timisoara\/wp-json\/wp\/v2\/pages\/2205","targetHints":{"allow":["GET"]}}],"collection":[{"href":"https:\/\/www.noapteacompaniilor.ro\/timisoara\/wp-json\/wp\/v2\/pages"}],"about":[{"href":"https:\/\/www.noapteacompaniilor.ro\/timisoara\/wp-json\/wp\/v2\/types\/page"}],"author":[{"embeddable":true,"href":"https:\/\/www.noapteacompaniilor.ro\/timisoara\/wp-json\/wp\/v2\/users\/4"}],"replies":[{"embeddable":true,"href":"https:\/\/www.noapteacompaniilor.ro\/timisoara\/wp-json\/wp\/v2\/comments?post=2205"}],"version-history":[{"count":141,"href":"https:\/\/www.noapteacompaniilor.ro\/timisoara\/wp-json\/wp\/v2\/pages\/2205\/revisions"}],"predecessor-version":[{"id":6569,"href":"https:\/\/www.noapteacompaniilor.ro\/timisoara\/wp-json\/wp\/v2\/pages\/2205\/revisions\/6569"}],"wp:attachment":[{"href":"https:\/\/www.noapteacompaniilor.ro\/timisoara\/wp-json\/wp\/v2\/media?parent=2205"}],"curies":[{"name":"wp","href":"https:\/\/api.w.org\/{rel}","templated":true}]}}