{"id":60,"date":"2019-03-07T17:16:03","date_gmt":"2019-03-07T15:16:03","guid":{"rendered":"https:\/\/noapteacompaniilor.ro\/?page_id=60"},"modified":"2026-03-18T07:46:42","modified_gmt":"2026-03-18T05:46:42","slug":"regulament","status":"publish","type":"page","link":"https:\/\/www.noapteacompaniilor.ro\/timisoara\/regulament\/","title":{"rendered":"Regulament"},"content":{"rendered":"<div id='av_section_1'  class='avia-section av-wx2s-b74326416b8c4d2de7360464b8001a9d main_color avia-section-default avia-no-border-styling  avia-builder-el-0  avia-builder-el-no-sibling  avia-bg-style-scroll container_wrap fullsize'  ><div class='container av-section-cont-open' ><main  role=\"main\" itemprop=\"mainContentOfPage\"  class='template-page content  av-content-full alpha units'><div class='post-entry post-entry-type-page post-entry-60'><div class='entry-content-wrapper clearfix'>\n\n<style type=\"text\/css\" data-created_by=\"avia_inline_auto\" id=\"style-css-av-k70atau4-57529bb68e4b1ad3b65058cb18b06b6f\">\n#top .av-special-heading.av-k70atau4-57529bb68e4b1ad3b65058cb18b06b6f{\npadding-bottom:50px;\n}\nbody .av-special-heading.av-k70atau4-57529bb68e4b1ad3b65058cb18b06b6f .av-special-heading-tag .heading-char{\nfont-size:25px;\n}\n.av-special-heading.av-k70atau4-57529bb68e4b1ad3b65058cb18b06b6f .av-subheading{\nfont-size:15px;\n}\n<\/style>\n<div  class='av-special-heading av-k70atau4-57529bb68e4b1ad3b65058cb18b06b6f av-special-heading-h2 blockquote modern-quote modern-centered  avia-builder-el-1  el_before_av_textblock  avia-builder-el-first  av-linked-heading'><h2 class='av-special-heading-tag '  itemprop=\"headline\"  >Regulament<\/h2><div class=\"special-heading-border\"><div class=\"special-heading-inner-border\"><\/div><\/div><\/div>\n<section  class='av_textblock_section av-k6m8e6ms-192cc350004515eba7f3dc02d1dac983 '   itemscope=\"itemscope\" itemtype=\"https:\/\/schema.org\/CreativeWork\" ><div class='avia_textblock'  itemprop=\"text\" ><p data-start=\"53\" data-end=\"256\"><strong>OTB CREATIVE SRL<\/strong>, \u00een calitate de organizator (\u201e<strong>Organizatorul<\/strong>\u201d) al evenimentului Noaptea Companiilor Timi\u0219oara (\u201e<strong>Evenimentul<\/strong>\u201d), v\u0103 aducem la cuno\u0219tin\u021b\u0103 urm\u0103torul Regulament de organizare al Evenimentului:<\/p>\n<ul>\n<li data-start=\"258\" data-end=\"576\">Evenimentul va \u00eencepe la ora 16:00 \u0219i se va desf\u0103\u0219ura p\u00e2n\u0103 la ora 24:00.<\/li>\n<li data-start=\"258\" data-end=\"576\">Organizatorul nu garanteaz\u0103 angajarea la niciuna dintre companiile participante (\u201eCompaniile\u201d).<\/li>\n<li data-start=\"258\" data-end=\"576\">Folosirea aparatelor foto, precum \u0219i a celor de \u00eenregistrare video sau audio \u00een interiorul sediilor Companiilor participante nu este acceptat\u0103.<\/li>\n<li data-start=\"258\" data-end=\"576\">Protec\u021bia datelor dvs. cu caracter personal este important\u0103 pentru noi, astfel c\u0103 v\u0103 inform\u0103m, \u00een acord cu Regulamentul (UE) 2016\/679 al Parlamentului European \u0219i al Consiliului din 27 aprilie 2016 privind protec\u021bia persoanelor fizice \u00een ceea ce prive\u0219te prelucrarea datelor cu caracter personal \u0219i libera circula\u021bie a acestor date (denumit \u00een continuare \u201e<strong>GDPR<\/strong>\u201d), cu privire la natura datelor personale, scopul \u0219i temeiul prelucr\u0103rii datelor personale pe care le colect\u0103m, utiliz\u0103m \u0219i prelucr\u0103m \u00een cadrul Evenimentului.<\/li>\n<li data-start=\"258\" data-end=\"576\">Participan\u021bii \u00een\u021beleg c\u0103 prelucrarea datelor personale \u00een condi\u021biile \u0219i \u00een scopul declarat prin acest Regulament este indispensabil\u0103 derul\u0103rii Evenimentului. Participan\u021bii la acest Eveniment declar\u0103 c\u0103 sunt de acord cu prevederile prezentului Regulament, pe care le-au citit \u0219i le-au \u00een\u021beles integral.<\/li>\n<li data-start=\"258\" data-end=\"576\">Participan\u021bii sunt de acord ca Organizatorul s\u0103 posteze fotografiile \u0219i\/sau \u00eenregistr\u0103rile video care con\u021bin imaginile \u0219i\/sau vocea acestora, pe website-ul <a class=\"decorated-link\" href=\"https:\/\/www.noapteacompaniilor.ro\/timisoara\" target=\"_new\" rel=\"noopener\" data-start=\"1562\" data-end=\"1605\">https:\/\/www.noapteacompaniilor.ro\/timisoara<\/a>, c\u00e2t \u0219i pe conturile de socializare dedicate Evenimentului (Instagram, Facebook, TikTok, LinkedIn, YouTube).<\/li>\n<li data-start=\"258\" data-end=\"576\">Participan\u021bii au luat cuno\u0219tin\u021b\u0103 de faptul c\u0103 anumite date cu caracter personal vor fi colectate direct \u0219i exclusiv de c\u0103tre Companiile participante, care folosesc propriile politici cu privire la prelucrarea datelor cu caracter personal, astfel c\u0103 Participan\u021bii au obliga\u021bia de a se informa cu privire la acestea, Organizatorul neav\u00e2nd nicio responsabilitate \u00een acest sens fa\u021b\u0103 de Participan\u021bi.<\/li>\n<li data-start=\"258\" data-end=\"576\">Organizatorul nu este r\u0103spunz\u0103tor pentru vreun prejudiciu de natur\u0103 fizic\u0103, medical\u0103, material\u0103 sau de alt\u0103 natur\u0103 suferit ca urmare a particip\u0103rii la acest eveniment.<\/li>\n<li data-start=\"258\" data-end=\"576\">Participan\u021bii sunt ruga\u021bi s\u0103 aib\u0103 un comportament civilizat pe tot parcursul Evenimentului.<\/li>\n<li data-start=\"258\" data-end=\"576\">Sunt complet interzise orice manifest\u0103ri violente sau lipsite de respect la adresa celorlal\u021bi participan\u021bi sau la adresa reprezentan\u021bilor \u0219i personalului Companiilor participante. Este interzis\u0103 participarea la Eveniment \u00een stare de ebrietate sau sub influen\u021ba drogurilor sau substan\u021belor interzise de orice fel. Organizatorul, direct sau prin reprezentan\u021bii \u0219i\/sau personalul Companiilor participante, \u00ee\u0219i rezerv\u0103 dreptul de a interzice continuarea particip\u0103rii unei persoane dac\u0103 aceasta se afl\u0103 \u00eentr-una din situa\u021biile descrise anterior.<\/li>\n<li data-start=\"258\" data-end=\"576\">Regulile formulate \u00een prezentul Regulament se aplic\u0103 tuturor persoanelor care vor lua parte la Eveniment. Prin prezenta publicare, se consider\u0103 c\u0103 acesta a fost luat la cuno\u0219tin\u021b\u0103 \u0219i acceptat de c\u0103tre fiecare persoan\u0103 \u00een parte.<\/li>\n<\/ul>\n<p data-start=\"3158\" data-end=\"3210\">V\u0103 mul\u021bumim pentru \u00een\u021belegere \u0219i pentru cooperare!<\/p>\n<p data-start=\"3212\" data-end=\"3232\" data-is-last-node=\"\" data-is-only-node=\"\">V\u0103 a\u0219tept\u0103m cu drag!<\/p>\n<\/div><\/section>\n\n","protected":false},"excerpt":{"rendered":"","protected":false},"author":4,"featured_media":0,"parent":0,"menu_order":0,"comment_status":"closed","ping_status":"closed","template":"","meta":{"inline_featured_image":false,"footnotes":""},"class_list":["post-60","page","type-page","status-publish","hentry"],"aioseo_notices":[],"_links":{"self":[{"href":"https:\/\/www.noapteacompaniilor.ro\/timisoara\/wp-json\/wp\/v2\/pages\/60","targetHints":{"allow":["GET"]}}],"collection":[{"href":"https:\/\/www.noapteacompaniilor.ro\/timisoara\/wp-json\/wp\/v2\/pages"}],"about":[{"href":"https:\/\/www.noapteacompaniilor.ro\/timisoara\/wp-json\/wp\/v2\/types\/page"}],"author":[{"embeddable":true,"href":"https:\/\/www.noapteacompaniilor.ro\/timisoara\/wp-json\/wp\/v2\/users\/4"}],"replies":[{"embeddable":true,"href":"https:\/\/www.noapteacompaniilor.ro\/timisoara\/wp-json\/wp\/v2\/comments?post=60"}],"version-history":[{"count":37,"href":"https:\/\/www.noapteacompaniilor.ro\/timisoara\/wp-json\/wp\/v2\/pages\/60\/revisions"}],"predecessor-version":[{"id":5975,"href":"https:\/\/www.noapteacompaniilor.ro\/timisoara\/wp-json\/wp\/v2\/pages\/60\/revisions\/5975"}],"wp:attachment":[{"href":"https:\/\/www.noapteacompaniilor.ro\/timisoara\/wp-json\/wp\/v2\/media?parent=60"}],"curies":[{"name":"wp","href":"https:\/\/api.w.org\/{rel}","templated":true}]}}